ivided by 18?
15
Suppose y = -4*p + 252, -12*p = -2*y - 14*p + 504. What is the remainder when y is divided by 15?
12
Let f(w) = w**3 + 5*w**2 - 3*w - 5. Suppose x - 5*b = 20, 2 = -3*x + 2*b - 3. Let d be f(x). Calculate the remainder when 37 is divided by (-1196)/(-65) + 6/d.
18
Suppose -26*g + 3139 = 17*g. Calculate the remainder when 431 is divided by g.
66
Let r(g) = -g**3 - 20*g**2 - 20*g + 1. Calculate the remainder when 356 is divided by r(-19).
16
Let l(t) = -7*t - 5. Suppose 0 = d - 4, -4*v = d + 4*d + 16. Let n(c) = c**3 + 10*c**2 + 7*c - 10. What is the remainder when l(-5) is divided by n(v)?
6
Let n be 0/(7 - 3) + 3 - 2. Suppose 5*u - 26 = -2*l + n, -4*l + 29 = 5*u. Let j(f) = -f**3 + f**2 + 4. Calculate the remainder when j(0) is divided by l.
0
Let w(d) = -4 - 2 + 8*d - d**2 + 0. What is the remainder when (0 - 16/10)*-10 is divided by w(5)?
7
Let n = 3 + -2. Suppose 0 = -25*j + 121 - 46. What is the remainder when j is divided by 1 - n/2*0?
0
Let q = -322 + 352. Calculate the remainder when q is divided by 8.
6
Suppose -8 = -4*u - 0. Suppose 0 = h - 4*k + 12, 3*k = -u*h + k + 6. What is the remainder when 43 is divided by -1 - (-3 - (h + 9))?
10
Suppose -5*o = -2*d - 49, 4*d + 4*o - 2*o = -158. Let x = d - -40. Calculate the remainder when 9 is divided by x.
0
Let v(k) = 13*k - 1. Calculate the remainder when 122 is divided by v(5).
58
Let c = 15 + -11. Suppose -c*m = -3*g - 86, -16 = -m + 2*g + 8. Calculate the remainder when 77 is divided by m.
17
Suppose -2*n + w = -3*w - 4, 2*w = -5*n - 2. Calculate the remainder when 116 is divided by (24/16)/(3/80) - n.
36
What is the remainder when 29 + 19 + (0 - 1) is divided by 25?
22
Let i(z) = -7*z - 2. Let p = -9 + 5. Let c(r) = -1. Let f(s) = p*c(s) + i(s). Calculate the remainder when f(-11) is divided by 20.
19
Let f(a) = -a**3 + 6*a**2 - 5*a + 4. Let p(m) = m + 10. Let d be p(-5). What is the remainder when 10 is divided by f(d)?
2
Let m = 15 + -8. Let a(s) = s**3 - 7*s**2 + 4*s + 17. What is the remainder when m is divided by a(6)?
2
Calculate the remainder when 181 is divided by 14 + -5 + -3 + 8.
13
Let g = 8 + 0. What is the remainder when 8 is divided by 39/12 - 2/g?
2
Let y = -23 + 26. Suppose -2*i = -y*i + 20. Calculate the remainder when i is divided by 7.
6
Suppose -12 + 130 = 2*k. What is the remainder when 189 is divided by k?
12
Let g be -13 + -3*(-2)/6. Let o be (-2)/4*6 + g. Let v = 26 + o. What is the remainder when 19 is divided by v?
8
Suppose -80*z + 86*z = 624. Calculate the remainder when 397 is divided by z.
85
Suppose 0 = 2*g - 0*g - 2*c + 272, -276 = 2*g + 2*c. Let f = -74 - g. Calculate the remainder when f is divided by 17.
12
Let v = 186 + -164. Calculate the remainder when 69 is divided by v.
3
Suppose 3*d - 55 = 59. Suppose 4*p + d = -y + 3*y, 3*y = -2*p + 49. What is the remainder when y is divided by 5?
2
Suppose -5*b + 3*b = -38. Let l(x) = 11*x - 2. Calculate the remainder when l(5) is divided by b.
15
Suppose -63 = -f + 4*c, -7*c = -5*f - 2*c + 255. What is the remainder when f is divided by 8/(-12)*(-17 + -1)?
11
Suppose -9 = -h - k, 3*k + 27 = 3*h - 12. Calculate the remainder when 205 is divided by h.
7
Suppose -3*w = 5*n - 8*w - 30, 0 = -2*n + 3*w + 11. Suppose -v = -5*d + 102, 8 = -2*v - 2*v. Let r = d + -18. What is the remainder when n is divided by r?
1
Let z(u) = -u**3 + 8*u**2 + 9*u + 2. Let k be z(9). Let w = 7 - k. Let m = -7 + 9. What is the remainder when w is divided by m?
1
Suppose -249 = -5*u + 301. Let n(t) = -14*t**2 + 225*t + 12. What is the remainder when u is divided by n(16)?
26
Let f(m) = 36*m**2 - m - 1. Suppose 2*a + 2 = -5*s + 13, 4*a - 67 = 5*s. What is the remainder when f(-1) is divided by a?
10
Suppose -4*u + 4*r - 1609 + 1813 = 0, 0 = 3*u - 4*r - 161. What is the remainder when -1 - 166/(-4 - -2) is divided by u?
39
Suppose 36*t + 24*t = 6060. Calculate the remainder when 238 is divided by t.
36
Let m(c) = -2 - 1 - 7*c - c**3 - 4*c**2 + 11*c**2. Let i be m(6). Let o = i + 24. What is the remainder when o is divided by 5?
0
Suppose 5*w - 109 = 3*x, 0 = 5*w + x + 3*x - 123. Calculate the remainder when 112 is divided by w.
20
Let y be (2 - -98) + -1 + 3 + -1. Suppose 22 = -3*x - 4*p + y, p = 2*x - 49. Let l = 381 + -258. Calculate the remainder when l is divided by x.
23
Suppose h = -h - 3*f + 218, 0 = -5*f. Suppose h = s + 40. Calculate the remainder when s is divided by 14.
13
What is the remainder when 61 + (-111 + -9)/(-10) is divided by 20?
13
Let a(i) = 20*i**3 + i**2 - 1. Let d be (-5)/(-3 - 32/(-12)). Suppose 3*o + d = 3*u, -2*o - 13 = -5*u - 0*o. Calculate the remainder when a(u) is divided by 7.
6
Suppose -890 - 3090 = -5*q. What is the remainder when q is divided by 14?
12
Suppose 7*z = 4*r + 2*z + 2, -3*r + z = -4. Let l be (r/6)/((-3)/(-225)). Let f = 35 - l. Calculate the remainder when 18 is divided by f.
8
Let r(y) = y**2 - 9*y + 16. Let a be r(7). Suppose a*g + w = 4*w + 1, 0 = -g - w + 13. What is the remainder when 30 is divided by g?
6
Suppose -3*g + 5*t + 134 = 0, 2*t + 3 = -5. What is the remainder when 492 is divided by g?
36
Suppose -2*r + 15 = -1. Calculate the remainder when 45 is divided by r.
5
Suppose 0 = -24*m + 2*m + 1452. Calculate the remainder when 194 is divided by m.
62
Suppose -x + 1680 = 9*x. What is the remainder when x is divided by 19?
16
Suppose 0 = -5*q - 34 - 141. Calculate the remainder when 35 is divided by ((-60)/q)/(-2*3/(-21)).
5
Suppose -33 - 36 = -b - 3*h, 5*b - 301 = -4*h. Calculate the remainder when 131 is divided by b.
17
Let m = 149 + -84. Calculate the remainder when m is divided by 17.
14
Suppose 6*n - 5*n + 13 = 0. Let z = n + 27. Suppose z = -5*b + 44. What is the remainder when 21 is divided by b?
3
Suppose 2*d + 3*d = -5, 73 = 3*w + 2*d. What is the remainder when w is divided by 17?
8
Let q(t) = 9*t - 13. Calculate the remainder when ((-190)/4)/(1/(3 + -5)) is divided by q(5).
31
Suppose 0 = 5*p - 4*q - 1357, 2*p + 24*q - 547 = 27*q. Calculate the remainder when p is divided by 18.
17
Suppose -5*m + 419 = d, -d - 6*m + 2*m = -421. Calculate the remainder when d is divided by 16.
13
Let d(g) = g**3 + 9*g**2 + 8*g + 7. Suppose -2*s + 19 = 5*h, 5*s = 5*h - 3 - 2. Suppose h*a - 115 = -2*a. What is the remainder when d(-6) is divided by a?
21
Suppose -17*c + 25*c + 344 = 0. Let q = 157 + c. Calculate the remainder when q is divided by 41.
32
Let t(s) = -s**3 + 11*s**2 - 2*s + 15. Suppose -2*r + 12 = -10. Let i be t(r). What is the remainder when (i/(-2))/(1/2) is divided by 2?
1
Suppose -56*x - 9*x + 715 = 0. Calculate the remainder when 170 is divided by x.
5
Let x(w) = w**3 - 17*w**2 + 5*w - 51. Let u be x(17). Calculate the remainder when (123/2)/(17/u) is divided by 31.
30
Suppose 25 = 5*y - 30. What is the remainder when 13 is divided by y?
2
Suppose 2*y = -3 - 43. Let j = y + 26. Suppose 2*c - 4*c = -o - 24, 5*c = -j*o + 60. Calculate the remainder when c is divided by 7.
5
Suppose 5*y - 37 = 4*y - 3*m, 3*y + 3*m - 93 = 0. Let n(k) = k**2 - 16*k - 12. Let q be n(20). Let z = q + -13. Calculate the remainder when z is divided by y.
27
Suppose 4*h = 3*p + 125, -5*p - 3*h - 169 = 49. Let m = 44 + p. What is the remainder when m is divided by ((-2)/6)/(2/(-6))?
0
Let x(a) = -21*a - 41. Calculate the remainder when 169 is divided by x(-3).
15
Let g be (-2 + 1)*12/(-4). Suppose g*f - 170 = -2*f. Let w(a) = -3*a**3 + 41*a**2 + 18*a + 9. Calculate the remainder when w(14) is divided by f.
31
Let o = 4 - 1. Suppose 0 = 4*q - 10*r + 7*r - 4, 0 = -5*r. What is the remainder when o is divided by q?
0
Let r(z) = 5*z + 2 - 4 - z**2 + 0*z**2. Let m be r(7). What is the remainder when 101 is divided by (-3)/(-12) - 268/m?
16
What is the remainder when 47 is divided by 40/(-6 + -4) + 29 + 1?
21
Suppose 3 + 69 = 3*s. Let u = -14 + s. Suppose -6*a - 120 = -u*a. What is the remainder when 58 is divided by a?
28
Suppose -3*r + 26 = -8*r - s, 3*r - 5*s = -10. What is the remainder when 39 is divided by (14/(-8))/(r/40)?
11
Suppose 0 = 5*u - 27 + 2. Suppose 4*l - 22 = -u*o - 0*o, -3*l + 5*o = -34. What is the remainder when 21 is divided by l?
5
Calculate the remainder when 536/12 + 15*2/(-18) is divided by 29.
14
Let l be (-5)/(-2)*(3 - (-2)/(-2)). Suppose -l*g - 55 = -6*